 = 6*s**2 + 39*s - 832. What is n(9)?
5
Let m(z) = -z**3 + 7*z**2 + z. What is m(8)?
-56
Let y(l) = -2*l**3 + 57*l**2 - 45*l + 40. Calculate y(28).
-436
Let f(x) = 1818*x + 9168. What is f(-5)?
78
Let h(n) = -n**3 + 13*n**2 - 38*n + 30. What is h(10)?
-50
Let p(u) = u**3 + 36*u**2 + 12*u + 462. What is p(-36)?
30
Let z(q) = -54*q + 32. Calculate z(1).
-22
Let g(q) = -26*q**3 + 2780*q**2 + 212*q + 216. Calculate g(107).
2
Let w(q) = 60*q - 640. What is w(21)?
620
Let t(d) = 2*d**3 - 9*d**2 + 9*d - 21. Calculate t(7).
287
Let j(m) = -m**2 - 30*m - 25. Calculate j(-4).
79
Let x(s) = -s**3 + 11*s**2 - 31*s + 20. What is x(7)?
-1
Let t(b) = 2*b**2 - 72*b + 581. What is t(15)?
-49
Let y(t) = 1163*t - 22101. Determine y(19).
-4
Let d(k) = -3*k**2 + 141*k - 473. Calculate d(4).
43
Let h(i) = -564*i + 1692. Determine h(3).
0
Let s(t) = 8*t - 280. What is s(54)?
152
Let m(l) = -4*l**3 - 251*l**2 - 432*l - 82. Determine m(-61).
223
Let j(c) = 7*c + 80. What is j(-5)?
45
Let f(j) = j**2 + 22*j - 6929. Calculate f(73).
6
Let b(x) = 9*x**2 - 56*x + 55. Give b(5).
0
Let a(r) = 86*r - 404. What is a(5)?
26
Let x(o) = 2*o**2 + 87*o + 172. What is x(0)?
172
Let j(m) = -m**3 - 10*m**2 + 138*m + 1239. Determine j(-8).
7
Let d(b) = -2*b**2 - 58*b - 216. What is d(-25)?
-16
Let g(m) = 15*m - 259. Determine g(18).
11
Let n(s) = -2*s**2 + 85*s + 2336. Calculate n(-19).
-1
Let g(p) = -27*p - 17. Determine g(5).
-152
Let g(s) = s**3 - 25*s**2 - 3628*s + 143. Calculate g(74).
-5
Let t(z) = -z**2 - 30*z + 329. What is t(9)?
-22
Let y(x) = x**2 - 236*x + 1353. Give y(6).
-27
Let u(j) = j**2 + 77*j - 1277. Calculate u(14).
-3
Let f(m) = 48*m - 641. What is f(12)?
-65
Let c(b) = 2*b**3 + 38*b**2 + 80*b + 20. What is c(-17)?
-184
Let f(x) = -10*x - 114. What is f(-16)?
46
Let d(r) = 1493*r - 8925. Give d(6).
33
Let n(k) = -k**3 + 13*k**2 - 86*k + 1117. What is n(14)?
-283
Let j(a) = a**2 - 142*a - 430. What is j(145)?
5
Let j(d) = 20*d**2 + 5*d - 16. Determine j(2).
74
Let n(w) = -28*w**3 + w**2 + 48*w + 50. What is n(-1)?
31
Let n(u) = -11*u**2 - 171*u - 44. Determine n(-15).
46
Let c(w) = w**3 + 176*w**2 - 555*w - 3224. Calculate c(-179).
-2
Let v(i) = -53*i - 36. Calculate v(-2).
70
Let k(h) = h**3 + 16*h**2 + 15*h + 7. Calculate k(-16).
-233
Let z(h) = -183*h + 550. Give z(3).
1
Let o(h) = h**3 + 26*h**2 - 31*h - 121. Calculate o(-27).
-13
Let x(r) = r**2 - 56*r - 7831. Give x(121).
34
Let h(a) = -a**3 + 37*a**2 - 25*a + 937. What is h(37)?
12
Let g(m) = -m**3 + 23*m**2 - 25*m + 70. Give g(22).
4
Let p(c) = c**3 - 9*c**2 + 9*c + 34. Calculate p(9).
115
Let d(v) = -2*v**3 - 215*v**2 - 106*v + 30. Give d(-107).
-77
Let r(u) = -2*u**3 - 12*u**2 - 3*u - 19. Calculate r(-7).
100
Let y(s) = -209*s + 812. Determine y(4).
-24
Let n(s) = -s**3 + 74*s**2 - 2*s + 165. What is n(74)?
17
Let f(j) = 1040*j + 3118. Give f(-3).
-2
Let v(h) = 5*h**2 + 96*h + 279. What is v(-6)?
-117
Let l(b) = 6261*b - 25045. Calculate l(4).
-1
Let u(s) = s**3 + 121*s**2 - 2*s - 234. Calculate u(-121).
8
Let t(d) = -66*d + 109. Calculate t(2).
-23
Let z(o) = -1757*o + 22854. Calculate z(13).
13
Let c(d) = 12*d**3 - 43*d**2 + 47*d - 2. What is c(1)?
14
Let s(f) = 22*f**2 - f + 1. Give s(-1).
24
Let a(v) = -14*v**2 + 158*v - 615. Give a(4).
-207
Let k(l) = -6*l**2 - 47*l - 93. What is k(-4)?
-1
Let k(h) = 8767*h + 43832. Calculate k(-5).
-3
Let j(q) = -2*q**3 + 8*q**2 - 58*q + 336. Calculate j(5).
-4
Let c(o) = -351*o**3 + 5*o**2 - 2. Determine c(-1).
354
Let j(o) = -o**3 + 13*o**2 - 11*o + 37. What is j(6)?
223
Let j(y) = 5*y**3 - 118*y**2 - 37*y - 258. Determine j(24).
6
Let z(h) = 5139*h - 313481. Calculate z(61).
-2
Let x(r) = 20*r**2 + 23*r + 126. What is x(-5)?
511
Let t(z) = 1742*z + 1738. Calculate t(-1).
-4
Let y(n) = 17091*n + 393094. Determine y(-23).
1
Let j(b) = 970*b + 6772. What is j(-7)?
-18
Let a(n) = -260*n + 1317. Give a(5).
17
Let p(a) = 10*a**2 + 222*a - 194. Calculate p(-23).
-10
Let x(s) = s**2 - 20*s + 83. Calculate x(12).
-13
Let j(s) = -2852*s - 14265. Calculate j(-5).
-5
Let q(i) = -i**3 + 131*i**2 + 975*i + 77. What is q(-7)?
14
Let g(q) = -q**3 + 23*q**2 - 96*q - 102. What is g(17)?
0
Let w(v) = 5*v**2 - 37*v + 245. What is w(6)?
203
Let b(w) = -2*w**3 - 18*w**2 - 12*w + 66. Give b(-8).
34
Let o(q) = -4*q**2 - 117*q + 369. What is o(3)?
-18
Let z(v) = 135*v + 1083. Determine z(-8).
3
Let p(w) = 2*w + 208. Determine p(39).
286
Let q(o) = -o**2 - o - 10. Give q(-9).
-82
Let b(p) = -6*p**2 + 23*p - 91. Calculate b(6).
-169
Let w(x) = 105*x + 401. Calculate w(-4).
-19
Let x(s) = 45*s - 2207. What is x(49)?
-2
Let o(v) = -32*v + 5047. Determine o(158).
-9
Let h(v) = -v**2 + 36*v - 78. Give h(35).
-43
Let h(w) = -7*w + 170. What is h(30)?
-40
Let l(q) = -97*q + 18542. Determine l(191).
15
Let p(o) = -46*o**2 - 2*o + 3. Give p(-3).
-405
Let x(w) = -7*w**2 - 18*w - 5. Determine x(-2).
3
Let x(i) = -9*i**2 - 171*i + 39. Give x(-19).
39
Let o(v) = -2*v**2 + 14*v + 8. Give o(5).
28
Let p(l) = l**3 + 19*l**2 - 8*l - 459. Give p(-18).
9
Let t(j) = j**3 + 99*j**2 - 108*j - 845. Determine t(-100).
-45
Let v(r) = -r**3 - 12*r**2 + 40*r - 85. What is v(-15)?
-10
Let l(s) = 78*s - 248. Determine l(6).
220
Let p(x) = -x**2 - 97*x - 954. Determine p(-67).
1056
Let x(u) = 2744*u + 49400. Determine x(-18).
8
Let u(a) = 4*a**2 - 64*a - 1041. Give u(-10).
-1
Let q(s) = 9*s**2 - 56*s - 122. Give q(8).
6
Let m(g) = -g**3 - 129*g**2 + 4*g + 509. Determine m(-129).
-7
Let z(s) = 7*s - 212. What is z(29)?
-9
Let r(z) = -2*z**2 - 39*z + 335. Give r(14).
-603
Let o(j) = j**3 - 9*j**2 - 253*j + 31. Give o(21).
10
Let y(s) = s**3 + 5*s**2 + 9*s + 28. Give y(-4).
8
Let v(w) = 4*w - 75. Determine v(16).
-11
Let x(b) = -b**2 - 14*b + 91. Calculate x(24).
-821
Let n(c) = -2*c - 7. Give n(-16).
25
Let d(i) = -i**3 - 4*i + 5. Determine d(4).
-75
Let b(u) = 19*u - 23. Determine b(11).
186
Let g(a) = -3*a**3 + 3*a**2 + 13*a - 29. What is g(3)?
-44
Let q(h) = -11*h + 114. Calculate q(9).
15
Let b(k) = -k**2 - 339*k - 22264. Calculate b(-89).
-14
Let g(o) = -o**3 - 7*o**2 + 80*o + 36. Give g(-13).
10
Let p(u) = -20*u**3 - 13*u**2 - 11*u + 2. Give p(-1).
20
Let t(y) = -8165*y - 106138. What is t(-13)?
7
Let a(i) = 32*i + 718. Calculate a(-37).
-466
Let x(a) = 383*a - 883. Give x(2).
-117
Let i(g) = -g**2 + 4*g - 174. Give i(-21).
-699
Let d(f) = -58*f - 2169. Give d(-37).
-23
Let b(t) = -18*t**2 + 45*t - 96. What is b(6)?
-474
Let p(u) = -16*u - 484. Calculate p(-30).
-4
Let b(f) = f**3 + 12*f**2 + 8*f - 30. Give b(-11).
3
Let b(w) = w**2 - 9*w - 37. Give b(17).
99
Let v(y) = y**2 - 209*y - 11426. Determine v(254).
4
Let n(d) = -2*d - 41. Calculate n(2).
-45
Let d(o) = -541*o - 7028. What is d(-13)?
5
Let k(j) = 8*j + 1. Give k(20).
161
Let h(m) = 20*m + 295. Give h(-15).
-5
Let z(a) = -2*a**2 - 33*a - 152. Determine z(-20).
-292
Let v(o) = 47*o**2 - 7*o - 7. What is v(-1)?
47
Let p(t) = -42*t - 368. Calculate p(-16).
304
Let d(p) = p**2 - 77*p + 69. Determine d(76).
-7
Let n(d) = 6*d**3 - 26*d**2 - 4*d + 5. What is n(4)?
-43
Let t(z) = -1377*z - 2776. Calculate t(-2).
-22
Let a(t) = t**3 + 58*t**2 + 34*t + 1840. Calculate a(-58).
-132
Let p(r) = -r**3 + 5*r**2 + 2*r + 6. Determine p(7).
-78
Let f(a) = a**2 + 24*a - 175. Give f(-31).
42
Let b(j) = 2*j**2 + 28*j + 200. Calculate b(-7).
102
Let k(g) = 496*g - 5059. Give k(10).
-99
Let i(h) = 2*h**2 - 149*h - 16317. Give i(135).
18
Let b(z) = z**3 - 2*z**2 + z - 8. What is b(0)?
-8
Let v(t) = -t**3 + 175*t + 237. Determine v(14).
-57
Let d(u) = -16*u + 323. What is d(17)?
51
Let p(b) = b**3 + 23*b**2 - 31*b + 82. Determine p(-24).
250
Let c(f) = -6*f + 96. Calculate c(-3).
114
Let j(u) = -68*u + 34. Determine j(0).
34
Let x(c) = 459*c - 96377. Calculate x(210).
13
Let i(j) = -559*j + 6705. Determine i(12).
-3
Let h(s) = -14*s - 971. Calculate h(-71).
23
Let f(a) = a**3 - 39*a**2 + 375*a - 7. Calculate f(22).
15
Let f(h) = 16*h**2 + 1613*h - 247. Determine f(-101).
56
Let t(u) = -2563*u - 43558. Calculate t(-17).
13
Let s(q) = -q**3 + 30*q**2 + 147*q - 224. What is s(34)?
150
Let h(v) = -v**2 + 58*v - 1365. Calculate h(41).
-668
Let f(p) = 11460*p - 137527. Calculate f(12).
-7
Let s(w) = -w**3 - 71*w**2 - 1052*w - 639. Calculate s(-20).
1
Let n(h) = -6*h**3 + 931*h**2 -